c = 156 - -64. Calculate the greatest common divisor of q and c.
20
Let g(v) = v**2 - 22*v - 96. Let c be g(26). Calculate the greatest common divisor of c and 128.
8
Let h = -68 + 204. Calculate the highest common factor of h and 16.
8
Let q = 4 + 6. Suppose 0*x - 3*x = 15. Let v = x + 9. What is the greatest common divisor of v and q?
2
Suppose -12*k = -6*k - 24. Let a be k/(4 - (-50)/(-13)). What is the greatest common factor of a and 182?
26
Suppose -11 = -3*g - c, -g - 4*c = -0*c. Suppose g*a - 764 = -4*q, 4*a - q = 2*q + 771. Calculate the highest common divisor of a and 24.
24
Let z(n) = -4*n + 3. Let g be z(-2). Suppose -12*r + 44 = -8*r - 3*u, r + 3*u - 11 = 0. Calculate the greatest common factor of g and r.
11
Suppose -q + 4*q = -2*w + 22, -2*w = q - 14. Let h = w - -10. Suppose -d + 2*s + 29 = 4*d, h = 5*s. What is the highest common divisor of d and 7?
7
Suppose 5*j - 1343 = -2*a + 2786, 5*a = 10. Calculate the highest common factor of j and 225.
75
Let u = 3 - 0. Let y be 12*u/6 - 1. Suppose -2*w + 64 = 3*t, y*w = 5*t + 2*w - 94. What is the highest common divisor of 180 and t?
20
Suppose -g + 303 = 263. Calculate the highest common factor of 5 and g.
5
Let v = -481 + 679. Suppose 20*q - 9*q - v = 0. Calculate the highest common factor of 162 and q.
18
Let t = -46 - -51. Suppose 0 = h + t*n, -7 = 3*h + 3*n - 31. Let g = 28 - -22. Calculate the greatest common factor of h and g.
10
Let j be (62/(-31))/(2*(-1)/8). Let y be (12 - 2)*2/5. What is the highest common factor of j and y?
4
Let g(x) = 2*x**3 + 4*x**2 - 2*x - 1. Let n be g(2). What is the greatest common factor of 783 and n?
27
Suppose 0 = 9*o - 11*o + 18. Let q be 13 - o/(18/8). What is the highest common factor of q and 81?
9
Suppose 277*q - 281*q + 432 = 0. Calculate the greatest common divisor of 144 and q.
36
Suppose 2*d - 2 = -0*d, -5*p + d + 19 = 0. Suppose 336 = p*t - 4*x, 4*t - 238 = -4*x + 98. Calculate the greatest common factor of t and 12.
12
Let q = 52 - 49. Suppose f = 3*k - q*f - 89, f - 25 = -k. What is the greatest common divisor of 108 and k?
27
Suppose 2*m - 7 = 11. Let b be 10/(-45) - (-38)/m. Suppose c + b = 0, -2*k + 34 = 4*c + 6. Calculate the greatest common factor of k and 242.
22
Let q(u) = 3*u**2 - 13*u + 320. Let n be q(0). Suppose p - 24 = -4*v, -2*v = p + 3*v - 20. What is the greatest common factor of n and p?
40
Let a = -40 - -43. Calculate the highest common factor of 87 and a.
3
Let s = 7 + 0. Suppose -45 = 2*a - s*a. Suppose -27*j + 2*h = -31*j + 6, -5*j + 17 = 12*h. What is the highest common divisor of j and a?
1
Let y be 16/6*6/4. Let l = 117 + -112. Suppose 3*r - 4*j - 34 = 0, 3*j + 42 = 10*r - l*r. What is the greatest common divisor of r and y?
2
Suppose -6*y = 7 - 79. Suppose x - 2 = 5*s, 4*x - 2*s = -s + 46. Calculate the highest common divisor of x and y.
12
Let s(n) = -n**3 + 5*n**2 + 51*n - 39. Let k be s(9). What is the highest common divisor of 544 and k?
32
Suppose 3*i + 66 = -3*x, 0 = -2*x - 2*i - i - 43. Let c = x - -37. Calculate the greatest common divisor of c and 14.
14
Suppose -5*n + 35 = -4*n - 5*i, i + 115 = 2*n. Suppose -5*x + 5*j = -n, 20 = x + 2*j - j. Calculate the highest common divisor of 24 and x.
8
Suppose 67 = -a - o + 13, 0 = -3*a + 2*o - 147. Let d = 260 + a. What is the highest common divisor of d and 19?
19
Let m(a) = -a**3 - 2*a**2 + 12*a + 11. Let r be m(-5). What is the greatest common divisor of r and 117?
13
Suppose 3*k = -0*k - 54. Let p(a) = 2*a + 57. Let h be p(k). Suppose -2*s + 3*s = 3. What is the greatest common divisor of h and s?
3
Let t be 2/5 + 260/100. Let m be t + 0 - (-9 - -1). What is the greatest common factor of m and 121?
11
Let y(n) be the third derivative of -n**6/120 - n**5/15 - n**4/6 + n**3 - 5*n**2. Let z be y(-4). Let q = 33 - z. What is the highest common factor of q and 11?
11
Let u be (-18)/(-27)*-3*250/(-4). What is the highest common factor of 50 and u?
25
Suppose 0 = 67*o - 103*o + 540. Suppose -6*z + z = -2*s - 608, 4*z = 4*s + 496. Calculate the highest common factor of z and o.
15
Let j(l) = 5*l**2 - 3*l - 58. Let f be j(4). Calculate the greatest common divisor of f and 3790.
10
Let j = 899 + -609. Suppose 95 = -l + j. Calculate the highest common factor of 39 and l.
39
Suppose m = -4, -6*z + 2*m = -5*z - 32. Calculate the highest common factor of z and 88.
8
Let b = -56 + 59. Suppose -7*o + b*o = -8. Calculate the greatest common factor of o and 1.
1
Let h = -2309 + 2661. What is the highest common divisor of h and 96?
32
Suppose -4*d + 7*d = 9, 2*f = -4*d + 40. What is the highest common factor of f and 1078?
14
Suppose -4*c + 29 - 369 = 0. Let s = 96 + c. Calculate the highest common divisor of 11 and s.
11
Let o be -2 + -30 + 0 + 0. Let p = o + 74. Let s = -250 - -264. Calculate the highest common factor of s and p.
14
Suppose 0 = -22*c + 17*c + 465. What is the greatest common divisor of 3 and c?
3
Let k(u) = 2*u**2 + 7*u + 6. Let l be -13 + 3 + (-3)/(-1). Let r be k(l). What is the greatest common factor of r and 5?
5
Let t(m) be the second derivative of 2*m**4/3 - 2*m**3/3 - 2*m**2 - 16*m. Let z be t(-4). What is the greatest common divisor of 56 and z?
28
Let a = -261 + 335. Calculate the greatest common divisor of 407 and a.
37
Suppose -240 = -20*z + 16*z. Suppose -s - 33 - 11 = -3*u, z = 4*u - 2*s. What is the highest common factor of 126 and u?
14
Suppose 44*t - 46*t + 400 = 0. What is the greatest common divisor of t and 160?
40
Let j be (-2 + (-111)/(-15))/(1/30). Suppose 565 = 5*c - 5*r, -2*c = 5*r - 298 + 107. Calculate the highest common divisor of c and j.
54
Suppose -20*o + 674 = -246. Suppose -2*n + g = 2*n - 1471, -3*g - 1837 = -5*n. What is the greatest common factor of n and o?
46
Suppose -70*k = -66*k - 784. Calculate the greatest common divisor of 686 and k.
98
Let w = 343 - 213. Let u(o) = o - 2. Let x be u(4). Suppose 0*k + x*k = w. Calculate the highest common divisor of 13 and k.
13
Let i be ((-2)/(-5))/(8 + (-4952)/620). Calculate the highest common divisor of i and 217.
31
Let k = -195 - -235. Calculate the highest common divisor of 5 and k.
5
Suppose -5*j = -5*w - 3*j + 270, 3*w + 4*j = 188. Calculate the highest common divisor of 16 and w.
8
Let c = 10 - -56. Calculate the highest common divisor of 24 and c.
6
Suppose 6893 = o + 3*o + 5*c, -4*c + 8605 = 5*o. Calculate the greatest common factor of 17 and o.
17
Suppose 2*i - 2*r = 16, 2*r = i + 5*r - 12. Let y be 4*(1 - 3)/(-2). Suppose -y = -2*t - 8, -3*s + 73 = 4*t. What is the highest common divisor of s and i?
9
Let r = 1180 + -1068. Calculate the highest common divisor of 119 and r.
7
Suppose -5*h + 0*h = 310. Let o = 30 + 63. Let m = o + h. What is the greatest common factor of m and 279?
31
Suppose -26*y + 20*y = -90. What is the highest common divisor of 165 and y?
15
Let x = 1651 + -1567. What is the greatest common divisor of 2478 and x?
42
Let b = 6 + -10. Let m(p) = -p**2 + 8*p - 15. Let d be m(5). Let v be (b - -22)*(d + 1). What is the highest common factor of 18 and v?
18
Let f be 8/3*(-21)/(-4). Let z be 4*(0 - 3/(-6)). Suppose -z*r + 28 = 2*r. Calculate the highest common divisor of r and f.
7
Suppose -2*c = 7 - 105. Let i = -53 + 60. What is the greatest common divisor of c and i?
7
Let s be ((-1)/(-3))/(6/54). Suppose -5*q + 20 = -10. Suppose -66 = -s*t + 2*j, t - j = q*t - 123. What is the greatest common divisor of 8 and t?
8
Let x = 22 - -42. Let o = 18 + -15. Suppose -h + 4*d = 3*h - 16, 4 = -h + o*d. Calculate the greatest common factor of x and h.
8
Let k = 191 + 25. What is the highest common divisor of 270 and k?
54
Let d = 112 + -70. Calculate the highest common divisor of 1050 and d.
42
Suppose -6*c + 58 = 4*v - 4*c, 3*v - 2*c = 26. Calculate the highest common factor of 68 and v.
4
Let r be -3*((-390)/(-75))/((-3)/(-5)). Let l(m) = -m**3 - 6*m**2 - 3*m - 7. Let y be l(-5). Let d = y - r. What is the highest common divisor of 63 and d?
9
Suppose -9*p + 22 = -14. Calculate the greatest common factor of 108 and p.
4
Let h = -66 - -67. Let l = h + 1. Calculate the highest common factor of l and 5.
1
Suppose 0 = 13*f - 5*f - 32. Suppose 3*s + 2*d - f*d = 16, 5*s + d - 31 = 0. What is the greatest common factor of s and 18?
6
Let d = 482 - 446. What is t